 is the hundreds digit of 7061634?
6
What is the units digit of 12407425?
5
What is the units digit of 29089467?
7
What is the ten thousands digit of 2752653?
5
What is the units digit of 114385?
5
What is the tens digit of 350943?
4
What is the thousands digit of 2736679?
6
What is the hundreds digit of 278149?
1
What is the tens digit of 9356822?
2
What is the hundreds digit of 664513?
5
What is the hundred thousands digit of 4153917?
1
What is the millions digit of 12639918?
2
What is the hundred thousands digit of 200226?
2
What is the thousands digit of 694700?
4
What is the units digit of 2567853?
3
What is the thousands digit of 10774103?
4
What is the millions digit of 3003986?
3
What is the hundred thousands digit of 554079?
5
What is the units digit of 451674?
4
What is the tens digit of 1608112?
1
What is the ten thousands digit of 10231802?
3
What is the tens digit of 2452547?
4
What is the ten millions digit of 19402807?
1
What is the ten millions digit of 26315835?
2
What is the tens digit of 3363025?
2
What is the hundreds digit of 4701227?
2
What is the hundreds digit of 190411?
4
What is the hundreds digit of 1030639?
6
What is the hundred thousands digit of 570860?
5
What is the millions digit of 3409702?
3
What is the units digit of 16557203?
3
What is the ten millions digit of 21020296?
2
What is the ten millions digit of 26794240?
2
What is the thousands digit of 93208?
3
What is the tens digit of 1069435?
3
What is the hundreds digit of 8477544?
5
What is the units digit of 301264?
4
What is the thousands digit of 2337522?
7
What is the thousands digit of 1290957?
0
What is the tens digit of 124298?
9
What is the thousands digit of 1972465?
2
What is the thousands digit of 695495?
5
What is the tens digit of 152417?
1
What is the tens digit of 873466?
6
What is the tens digit of 622648?
4
What is the thousands digit of 2226121?
6
What is the hundreds digit of 29626912?
9
What is the hundred thousands digit of 250984?
2
What is the ten thousands digit of 112764?
1
What is the ten thousands digit of 468575?
6
What is the tens digit of 1477986?
8
What is the millions digit of 38902461?
8
What is the ten thousands digit of 145814?
4
What is the tens digit of 1575287?
8
What is the units digit of 6003004?
4
What is the hundreds digit of 238244?
2
What is the tens digit of 973735?
3
What is the ten thousands digit of 2964228?
6
What is the thousands digit of 61323?
1
What is the hundreds digit of 6155265?
2
What is the hundreds digit of 114676?
6
What is the ten thousands digit of 129303?
2
What is the units digit of 3015392?
2
What is the thousands digit of 79131?
9
What is the tens digit of 7135037?
3
What is the units digit of 115869?
9
What is the hundreds digit of 1182333?
3
What is the ten thousands digit of 595022?
9
What is the units digit of 482497?
7
What is the units digit of 7330052?
2
What is the thousands digit of 229958?
9
What is the ten thousands digit of 2021340?
2
What is the units digit of 1704614?
4
What is the units digit of 4219710?
0
What is the units digit of 372532?
2
What is the tens digit of 595821?
2
What is the hundreds digit of 1660142?
1
What is the hundreds digit of 590313?
3
What is the millions digit of 1014693?
1
What is the ten thousands digit of 356031?
5
What is the thousands digit of 1171710?
1
What is the thousands digit of 201266?
1
What is the thousands digit of 287629?
7
What is the hundred thousands digit of 246699?
2
What is the hundred thousands digit of 1633309?
6
What is the units digit of 172244?
4
What is the hundreds digit of 43851?
8
What is the tens digit of 9370123?
2
What is the units digit of 32127?
7
What is the ten thousands digit of 741736?
4
What is the hundreds digit of 794734?
7
What is the millions digit of 2571413?
2
What is the units digit of 3966223?
3
What is the millions digit of 27674225?
7
What is the hundreds digit of 87131?
1
What is the ten thousands digit of 502460?
0
What is the units digit of 2246646?
6
What is the ten thousands digit of 630151?
3
What is the units digit of 1213031?
1
What is the thousands digit of 4032373?
2
What is the units digit of 84599?
9
What is the hundreds digit of 15828685?
6
What is the hundreds digit of 543566?
5
What is the hundreds digit of 73982?
9
What is the hundreds digit of 405281?
2
What is the tens digit of 1035550?
5
What is the hundred thousands digit of 739564?
7
What is the hundred thousands digit of 121439?
1
What is the tens digit of 1512887?
8
What is the hundreds digit of 5977269?
2
What is the hundreds digit of 15394?
3
What is the thousands digit of 1141977?
1
What is the hundreds digit of 2324178?
1
What is the hundreds digit of 464066?
0
What is the millions digit of 7743407?
7
What is the hundreds digit of 3465079?
0
What is the thousands digit of 75611?
5
What is the tens digit of 153666?
6
What is the ten thousands digit of 374936?
7
What is the thousands digit of 349594?
9
What is the hundred thousands digit of 7519089?
5
What is the hundreds digit of 3948314?
3
What is the thousands digit of 29758869?
8
What is the tens digit of 40106?
0
What is the hundred thousands digit of 447371?
4
What is the thousands digit of 808096?
8
What is the hundreds digit of 1410653?
6
What is the hundreds digit of 1783947?
9
What is the hundreds digit of 916008?
0
What is the hundreds digit of 296905?
9
What is the tens digit of 1748432?
3
What is the tens digit of 8174?
7
What is the ten thousands digit of 7200873?
0
What is the millions digit of 2433817?
2
What is the hundreds digit of 8230096?
0
What is the ten thousands digit of 18345115?
4
What is the ten thousands digit of 651166?
5
What is the millions digit of 3649020?
3
What is the tens digit of 5347750?
5
What is the hundreds digit of 196987?
9
What is the hundred thousands digit of 2938165?
9
What is the millions digit of 13167506?
3
What is the thousands digit of 358873?
8
What is the ten thousands digit of 10256657?
5
What is the hundreds digit of 614038?
0
What is the ten thousands digit of 1040485?
4
What is the hundreds digit of 984410?
4
What is the tens digit of 420919?
1
What is the hundred thousands digit of 2744709?
7
What is the units digit of 7715?
5
What is the hundred thousands digit of 11891452?
8
What is the tens digit of 839801?
0
What is the hundreds digit of 54402?
4
What is the hundred thousands digit of 105613?
1
What is the tens digit of 450522?
2
What is the tens digit of 924142?
4
What is the thousands digit of 246798?
6
What is the ten thousands digit of 54322?
5
What is the units digit of 27731832?
2
What is the tens digit of 919661?
6
What is the thousands digit of 51826?
1
What is the hundred thousands digit of 334705?
3
What is the ten thousands digit of 773835?
7
What is the hundred thousands digit of 207778?
2
What is the thousands digit of 1097875?
7
What is the units digit of 5567687?
7
What is the ten thousands digit of 383148?
8
What is the thousands digit of 1227404?
7
What is the thousands digit of 990283?
0
What is the ten thousands digit of 202309?
0
What is the tens digit of 1792702?
0
What is the millions digit of 5688030?
5
What is the hundred thousands digit of 774314?
7
What is the hundred thousands digit of 1353031?
3
What is the ten thousands digit of 489111?
8
What is the units digit of 390365?
5
What is the thousands digit of 142765?
2
What is the tens digit of 385635?
3
What is the hundreds digit of 433364?
3
What is the millions digit of 6804067?
6
What is the thousands digit of 366093?
6
What is the units digit of 1374229?
9
What is the hundred thousands digit of 234610?
2
What is the millions digit of 1503291?
1
What is the hundreds digit of 346829?
8
What is the units digit of 150789?
9
What is the thousands digit of 47539?
7
What is the thousands digit of 323622?
3
What is the thousands digit of 5899431?
9
What is the tens digit of 22019772?
7
What is the tens digit of 221168?
6
What is the hundreds digit of 236089?
0
What is the hundreds digit of 39862246?
2
What is the millions digit of 3166943?
3
What is the ten thousands digit of 1214268?
1
What is the units digit of 5844044?
4
What is the tens digit of 742432?
3
What is the thousands digit of 1615563?
5
What is the hundreds digit of 66863?
8
W